 15 + -5
6
Calculate -30 + 4 + 10 + 7.
-9
Evaluate -7 + 2 + -5 + 3 + 2.
-5
What is -6 + (0 - -11) - 0?
5
What is the value of 2 + -2 + (4 - 3 - -2)?
3
Calculate -2 - (-2 + 1 + 4 - 4).
-1
-1 - ((-1 - -4) + 1 + 0)
-5
Evaluate -1 + -3 - -8 - 3.
1
What is the value of 0 - (4 - 1) - (-55 + 52)?
0
Calculate 2 + (4 + -1 - 2) - -2.
5
Calculate (19 - 20) + (1 + -1 - -3).
2
What is (6 - -1) + 2 + -5?
4
What is the value of 2 + (-2 - (-4 - (2 - 4)))?
2
What is -30 - -30 - (1 - (1 - -1))?
1
Calculate (27 - (13 + -1)) + -5.
10
What is the value of 1 + 7 - 3 - (-10 + 7)?
8
Evaluate (1 - (-1 - -3)) + 83 + -87.
-5
Calculate -4 - (-5 - 2) - 8.
-5
Evaluate -5 + 5 - 1 - -2.
1
Evaluate 17 + -27 - -14 - (-1 + 4).
1
-1 + 2 - (46 - 37)
-8
What is the value of (2 + 0 - -3) + -2?
3
2 + -4 - (1 - 4)
1
Calculate -9 - -1 - (-3 + -8).
3
What is (-2 - 2 - (4 - 5)) + 6?
3
What is the value of 0 + 2 + (-13 - (-18 - -9))?
-2
What is 4 + (9 - 4 - 4) + 0?
5
What is 25 - 24 - (-1 + 0 + -1)?
3
Evaluate (3 - (0 + 4)) + -2.
-3
What is 5 + -8 + (4 - 2)?
-1
96 + -93 + (-3 - -1) + 0
1
Evaluate (1 - -10) + 8 + -20.
-1
Calculate (14 - 10 - (11 - 0)) + 2.
-5
Calculate -4 + 9 - (5 + -1).
1
Calculate -16 + 26 - (5 + -2).
7
-3 + -1 + 1 - 1
-4
What is -9 - -6 - (-7 - -4)?
0
What is the value of 5 + -1 - (4 + 5 + -8)?
3
What is the value of (96 - 103) + (2 - -6)?
1
What is the value of 1 - 1 - (1 - 4) - -2?
5
What is the value of (1 - -6 - 17) + 2 + 1?
-7
What is the value of (59 - 55) + (-1 - 1 - -2)?
4
Evaluate 8 + (-10 - -5 - -1).
4
Evaluate 0 + -7 + -8 + 17.
2
What is the value of 1 + 0 - (2 + 2)?
-3
Evaluate 0 + (2 - (-5 - (-2 - 1))).
4
Evaluate (0 + 1 - 0) + -4.
-3
What is (0 + -6 - (-7 - -1)) + 3?
3
What is the value of 2 - 11 - 0 - 0?
-9
Evaluate (3 - -1) + (-13 - (-1 + -2)).
-6
14 + -18 - (-2 - 1)
-1
What is the value of -7 + (-4 - -6) + (8 - 8)?
-5
Evaluate (1 - -6) + -12 - -5.
0
205 + -192 - (0 - (-5 + 0))
8
What is -6 + 8 - (1 + -4) - 4?
1
Evaluate (-45 - -48) + -1 + 0.
2
Calculate 0 - (1 - (1 + 1 + -2)).
-1
What is -53 - -54 - (1 - -6)?
-6
Evaluate (-4 - (-4 - (-2 - 2))) + -3.
-7
Calculate -6 - (-2 + -2 + -2 + -1).
1
Calculate 6 - (0 - 2) - (-6 - -10).
4
(0 + 3 - 1 - 4) + -3
-5
8 + -22 + 14 + -4
-4
Calculate 0 - ((1 - -1) + 3 + -9).
4
2 + -4 - (-59 + 54)
3
What is (-1 - -2) + (-16 - -19)?
4
Evaluate 10 - (9 + 13) - (-3 - 1).
-8
-4 - (-4 + 1 - -1)
-2
Calculate 1 - 6 - (10 + -6 - 4).
-5
Calculate 10 + 2 + -8 + -1.
3
What is the value of 0 + (-5 + -11 - -6 - -4)?
-6
Calculate 7 - (2 - 2) - 1.
6
Calculate -6 - -17 - (7 - 1).
5
Calculate 7 + (8 + 3 + -10 - 9).
-1
-2 + 8 + (-6 - -3) + -6
-3
What is 3 - (-8 + 4 + 7)?
0
Calculate -1 - (5 - (3 + 6)).
3
Evaluate -10 + 5 + (-4 - -8).
-1
-1 - (-6 + (-4 - -4))
5
Evaluate (-12 - 5) + -4 + 12.
-9
Evaluate 1 + (0 - 4) - (2 - 1).
-4
10 + 1 + (-11 - -4) + 3
7
What is the value of -2 - -1 - (-9 - -5)?
3
(13 + -8 - (1 - 0)) + -7
-3
What is 11 + (-10 - -6) - (7 + 0)?
0
What is -2 + 0 + (4 - 6)?
-4
What is the value of (2 - (-2 + -2 - -7)) + 3?
2
What is the value of 6 - (8 - 1) - -4?
3
-1 + 4 + (-18 - -20)
5
What is the value of 1 - (-4 - (2 - (-1 - -3)))?
5
Calculate 15 - 7 - (3 + 3).
2
Evaluate (0 - (11 + 0)) + (-13 - -19).
-5
(-5 - (3 + -5)) + 6
3
What is 65 + -59 + (-10 + 0 - -1)?
-3
Evaluate 1 + -3 + 3 + 1.
2
Calculate (2 - (-1 - 0)) + (52 - 51).
4
Calculate (4 - 1 - 0) + 1.
4
What is the value of 2 + -4 + 0 + 0?
-2
What is the value of (-16 - (-8 + -2)) + 8?
2
What is the value of (-3 - -1) + 12 + (-2 - 4)?
4
Evaluate 5 - (16 + (0 - 6)).
-5
Evaluate (-5 - -4 - 0) + 7 - 1.
5
7 - ((-2 - -9) + 5)
-5
10 - 3 - -1 - (6 - 0)
2
What is the value of 4 + (1 - (-5 + 9)) - -2?
3
Evaluate 0 + (-7 - -1) + 12 + -7.
-1
What is -4 + 0 - (7 - 6)?
-5
Calculate (0 - 3) + -7 + 12 + -2.
0
What is 7 + -12 - (-8 - 0)?
3
(6 - 2) + (-11 - -11)
4
What is the value of (-9 + (4 - 2) - -3) + 2?
-2
What is the value of 2 + 5 + -3 + -10?
-6
Evaluate (3 - (1 - 2)) + -1.
3
What is the value of -2 - (0 + -1) - 4?
-5
5 + -6 + 12 + -6
5
Calculate (3 - (-2 - -7)) + 12 + -14.
-4
11 - (-11 - (7 + -27))
2
Calculate -4 + (2 - -4) - -1.
3
What is -1 + 1 + -2 + 15 + -17?
-4
Calculate -7 + 2 - -10 - (6 - -2).
-3
1 + (3 - (-3 + 3))
4
(1 - -1) + 28 + -26
4
What is (1 - -6) + -26 + 12?
-7
What is the value of -3 - (-6 - -14) - (-1 + -4)?
-6
1 - (-3 + 8 + -1)
-3
Evaluate -2 - (7 + (1 - 5)).
-5
-1 + -6 - (8 + -12 + 1)
-4
Evaluate 2 + -2 + (-7 - 1) + 10.
2
-6 + 11 + -5 + 1
1
Calculate (0 - 4) + (-1 - (-1 + 2)).
-6
Calculate 10 - (20 - 6 - 9).
5
1 + 2 + -1 + -20 + 14
-4
Evaluate -7 + (0 + (-7 - -13) - 8).
-9
-1 - 5 - (134 + -138)
-2
-4 + 2 + 2 + 1 - -1
2
Calculate 0 + -2 - -3 - 1.
0
Calculate (2 + 6 + -3 - 5) + 3.
3
Evaluate 1 + -9 + -8 + 5 + 9.
-2
What is 0 - ((0 - -2) + -4)?
2
Evaluate 1 + (-11 - -7) - (-8 + 0).
5
Evaluate (-9 - (-1 - 7)) + -6.
-7
(15 - 17) + -1 + 6 - 6
-3
7 - (-10 - -6 - -10 - 0)
1
8 + (2 - (-5 + 11)) + -11
-7
-2 - (-2 + (1 - 3 - -2))
0
Evaluate -3 + -5 + 3 + 4.
-1
What is -5 + 10 - 8 - 3?
-6
Evaluate (-1 - (2 + 1)) + (43 - 40).
-1
21 + -4 + -12 - 6
-1
What is 3 + 15 + -18 + (2 - 2)?
0
Calculate -1 - (0 + -3 - (-22 + 23)).
3
What is 13 + -6 - (5 - -1)?
1
Evaluate 8 + -7 + -1 + 5.
5
-4 - (6 + -11 + 6)
-5
What is the value of -3 + -1 + 2 - -1 - -3?
2
(-1 - (-1 + -2 - -1)) + -2
-1
Calculate 0 + -6 + 7 + 3 + -2.
2
Evaluate 12 + 11 + -14 - 8.
1
Evaluate (-6 - -7) + -7 - -5.
-1
Calculate 2 + (-5 - (10 - 10)).
-3
What is the value of -5 - (-10 + -1) - 8?
-2
What is the value of -3 + (0 + 5 - (25 + -23))?
0
-5 + (-3 + 19 - 4) + 0
7
What is the value of -1 + (4 - 0) + -5 + 4?
2
What is the value of 1 - (5 + -4 - 3)?
3
Evaluate -3 + (8 - (1 + 3)) + 0.
1
What is -5 + -2 - (-4 - -8 - 8)?
-3
Evaluate 2 - (-3 - (-1 + -7)).
-3
What is the value of (1 - 2) + (5 - (-6 + 8))?
2
What is 3 - (-6 - -10) - 8?
-9
Evaluate (4 + -3 - 9) + -10 + 17.
-1
Calculate 4 + 4 + -7 - (-1 + 0).
2
What is the value of 13 - (-2 + 3 + 12)?
0
Evaluate -8 - (-2 + (7 - 8 - -2)).
-7
Calculate -1 - -2 - (-1 - 0).
2
(-8 - -4) + (6 - 12) + 7
-3
Calculate -9 - (-9 + 0) - (0 - -2).
-2
-4 + 0 + (3 - (0 - 2))
1
What is -3 + (-3 - 0) + -37 + 37?
-6
What is the value of -6 + 2 + 1 + -1?
-4
Evaluate 3 - (-5 + 7 + (-6 - -2)).
5
(4 - -1 - (2 + 1)) + 3
5
Calculate 0 + 0 + (-29 - -23).
-6
Evaluate (-3 - -4) + 7 + -3.
5
What is (0 - -3 - -1) + 1?
5
What is the value of -1 - (-2 + -4 + 10)?
-5
What is the value of 2 + (4 - (-2 - -3 - -1))?
4
What is 2 - ((3 - -1) + 0) - 2?
-4
Evaluate 4 - (0 - 4 - -13).
-5
-6 - (1 + -2 + -2 + -1)
-2
What is (-3 - (8 - 1)) + 12?
2
Calculate -4 + (-1 - 3) - -4 - -5.
1
What is the value of 0 + (-11 - (13 - 26))?
2
Calculate -1 + 2 + 1 + -41 + 36.
-3
What is -9 + 1 + (-2 - -11)?
1
-10 + -3 - (38 + -48)
-3
Evaluate (0 - (3 - 2)) + 3.
2
Calculate -6 + 0 + (-3 - -5).
-4
What is -10 + (9 - (-1 - 2))?
2
Evaluate 5 + (-3 - (-5 - -3) - 0).
4
-9 + -4 - (-2 - 4) - -9
2
Evaluate 3 - (2 + -5 + 1) - 0.
5
-5 + (1 - 1 - (-1 - 1))
-3
Evaluate 4 - (5 - (-2 + 2)).
-1
What is the value of (-16 - (-13 + -5)) + 7 + 0?
9
What is the value of 11 - 14 - (2 - 3)?
-2
(7 - 13) + 8 + (6 - -3)
11
Evaluate (-6 - -1) + -5 + 9.
-1
1 - (-7 + 10) - (0 + -3)
1
Evaluate -67 + 70 + (1 - 0) + -2.
2
What is -1 - (-3 - (-3 + -3 + 10))?
6
What is (2 - (-3 + 1) - 5) + -1?
-2
Evaluate (1 - -6) + (3 - 7).
3
What is the value of -4 + (3 - -1 - 2) - 1?
-3
Evaluate 5 - (-2 - ((3 - -1) + -8)).
3
What is the value of -2 + (-10 - -3) + 6?
-3
What is -16 + 22 - (1 + 1 - 1)?
5
What is the value of 3 + -3 + (9 - 4) + -3?
2
What is the value of (-2 - 2) + (-5 - -9)?
0
What is 8 + (-1 - -7) + -20?
-6
Evaluate 12 - 14 - (-1 + 0).
-1
What is -10 + 10 - -3 - (2 - 4)?
5
What is the value of -5 + 0 - (140 - 144)?
-1
Calculate -1 + 0 + (0 - (-3 + 1)).
1
Calculate 5 + -8 + (0 - -3) + -3.
-3
What is the value of -2 + 1 + (1 - -3)?
3
-5 + 1 + 3 - (1 + -2)
0
Evaluate -7 + (5 - 1) - -1.
-2
Evaluate 7 + (-8 + 6 - 2).
3
What is the value of (-6 - 8) + -2 + 15?
-1
Calculate -5 + 2 - (2 - 1).
-4
Calculate 1 + 4 + -1 - (9 - 6).
1
What is (0 - 12) + 3 + 2 + 1?
-6
Calculate -2 - (2 + 0 - 0).
-4
Calculate 1 + -1 - (-13 + 10 + 6).
-3
Evaluate -9 - (-8 + 5) - (-1 - -2).
-7
Evaluate (-3 - -5) + -2 - (-2 + 3).
-1
What is the value of -10 - ((-6 - 10) + 7 + 5)?
-6
Evaluate 2 